[INFO] fetching crate fringe 1.2.1...
[INFO] checking fringe-1.2.1 against master#af3c6e733a40e671550e0f0f5aeecaa13772ba56 for pr-74989
[INFO] extracting crate fringe 1.2.1 into /workspace/builds/worker-14/source
[INFO] validating manifest of crates.io crate fringe 1.2.1 on toolchain af3c6e733a40e671550e0f0f5aeecaa13772ba56
[INFO] running `Command { std: "/workspace/cargo-home/bin/cargo" "+af3c6e733a40e671550e0f0f5aeecaa13772ba56" "read-manifest" "--manifest-path" "Cargo.toml", kill_on_drop: false }`
[INFO] started tweaking crates.io crate fringe 1.2.1
[INFO] finished tweaking crates.io crate fringe 1.2.1
[INFO] tweaked toml for crates.io crate fringe 1.2.1 written to /workspace/builds/worker-14/source/Cargo.toml
[INFO] running `Command { std: "/workspace/cargo-home/bin/cargo" "+af3c6e733a40e671550e0f0f5aeecaa13772ba56" "generate-lockfile" "--manifest-path" "Cargo.toml" "-Zno-index-update", kill_on_drop: false }`
[INFO] running `Command { std: "/workspace/cargo-home/bin/cargo" "+af3c6e733a40e671550e0f0f5aeecaa13772ba56" "fetch" "--locked" "--manifest-path" "Cargo.toml", kill_on_drop: false }`
[INFO] running `Command { std: "docker" "create" "-v" "/var/lib/crater-agent-workspace/builds/worker-14/target:/opt/rustwide/target:rw,Z" "-v" "/var/lib/crater-agent-workspace/builds/worker-14/source:/opt/rustwide/workdir:ro,Z" "-v" "/var/lib/crater-agent-workspace/cargo-home:/opt/rustwide/cargo-home:ro,Z" "-v" "/var/lib/crater-agent-workspace/rustup-home:/opt/rustwide/rustup-home:ro,Z" "-e" "SOURCE_DIR=/opt/rustwide/workdir" "-e" "CARGO_TARGET_DIR=/opt/rustwide/target" "-e" "CARGO_HOME=/opt/rustwide/cargo-home" "-e" "RUSTUP_HOME=/opt/rustwide/rustup-home" "-w" "/opt/rustwide/workdir" "-m" "1610612736" "--user" "0:0" "--network" "none" "rustops/crates-build-env@sha256:d92eaeed33fa75130ca1ee6c8a01d1ffb62bac859dfdfb3450e3e5d1c0146529" "/opt/rustwide/cargo-home/bin/cargo" "+af3c6e733a40e671550e0f0f5aeecaa13772ba56" "metadata" "--no-deps" "--format-version=1", kill_on_drop: false }`
[INFO] [stdout] 059907b4f2e95b1b1b1f4d2a426001e19e33c93fe16b6f19ab65d9661fa6aaaf
[INFO] [stderr] WARNING: Your kernel does not support swap limit capabilities or the cgroup is not mounted. Memory limited without swap.
[INFO] running `Command { std: "docker" "start" "-a" "059907b4f2e95b1b1b1f4d2a426001e19e33c93fe16b6f19ab65d9661fa6aaaf", kill_on_drop: false }`
[INFO] running `Command { std: "docker" "inspect" "059907b4f2e95b1b1b1f4d2a426001e19e33c93fe16b6f19ab65d9661fa6aaaf", kill_on_drop: false }`
[INFO] running `Command { std: "docker" "rm" "-f" "059907b4f2e95b1b1b1f4d2a426001e19e33c93fe16b6f19ab65d9661fa6aaaf", kill_on_drop: false }`
[INFO] [stdout] 059907b4f2e95b1b1b1f4d2a426001e19e33c93fe16b6f19ab65d9661fa6aaaf
[INFO] running `Command { std: "docker" "create" "-v" "/var/lib/crater-agent-workspace/builds/worker-14/target:/opt/rustwide/target:rw,Z" "-v" "/var/lib/crater-agent-workspace/builds/worker-14/source:/opt/rustwide/workdir:ro,Z" "-v" "/var/lib/crater-agent-workspace/cargo-home:/opt/rustwide/cargo-home:ro,Z" "-v" "/var/lib/crater-agent-workspace/rustup-home:/opt/rustwide/rustup-home:ro,Z" "-e" "SOURCE_DIR=/opt/rustwide/workdir" "-e" "CARGO_TARGET_DIR=/opt/rustwide/target" "-e" "CARGO_INCREMENTAL=0" "-e" "RUST_BACKTRACE=full" "-e" "RUSTFLAGS=--cap-lints=forbid" "-e" "CARGO_HOME=/opt/rustwide/cargo-home" "-e" "RUSTUP_HOME=/opt/rustwide/rustup-home" "-w" "/opt/rustwide/workdir" "-m" "1610612736" "--user" "0:0" "--network" "none" "rustops/crates-build-env@sha256:d92eaeed33fa75130ca1ee6c8a01d1ffb62bac859dfdfb3450e3e5d1c0146529" "/opt/rustwide/cargo-home/bin/cargo" "+af3c6e733a40e671550e0f0f5aeecaa13772ba56" "check" "--frozen" "--all" "--all-targets" "--message-format=json", kill_on_drop: false }`
[INFO] [stdout] 93097a6fc3b0abc6c28fe30938dcc7278fe28815e7c6d12dc94f27dc21d00d82
[INFO] [stderr] WARNING: Your kernel does not support swap limit capabilities or the cgroup is not mounted. Memory limited without swap.
[INFO] running `Command { std: "docker" "start" "-a" "93097a6fc3b0abc6c28fe30938dcc7278fe28815e7c6d12dc94f27dc21d00d82", kill_on_drop: false }`
[INFO] [stderr]    Compiling libc v0.2.77
[INFO] [stderr]     Checking valgrind_request v1.1.0
[INFO] [stderr]     Checking simd v0.1.1
[INFO] [stdout] error: the legacy LLVM-style asm! syntax is no longer supported
[INFO] [stdout]   --> /opt/rustwide/cargo-home/registry/src/github.com-1ecc6299db9ec823/valgrind_request-1.1.0/src/arch/x86_64.rs:6:3
[INFO] [stdout]    |
[INFO] [stdout] 6  |     asm!("rolq $$3,  %rdi ; rolq $$13, %rdi
[INFO] [stdout]    |     ^---
[INFO] [stdout]    |     |
[INFO] [stdout]    |  ___help: replace with: `llvm_asm!`
[INFO] [stdout]    | |
[INFO] [stdout] 7  | |         rolq $$61, %rdi ; rolq $$51, %rdi
[INFO] [stdout] 8  | |         xchgq %rbx, %rbx"
[INFO] [stdout] 9  | |       : "={rdx}" (result)
[INFO] [stdout] ...  |
[INFO] [stdout] 12 | |       : "cc", "memory"
[INFO] [stdout] 13 | |       : "volatile");
[INFO] [stdout]    | |____________________^
[INFO] [stdout]    |
[INFO] [stdout]    = note: consider migrating to the new asm! syntax specified in RFC 2873
[INFO] [stdout]    = note: alternatively, switch to llvm_asm! to keep your code working as it is
[INFO] [stdout] 
[INFO] [stdout] 
[INFO] [stdout] error: aborting due to previous error
[INFO] [stdout] 
[INFO] [stdout] 
[INFO] [stderr] error: could not compile `valgrind_request`.
[INFO] [stderr] 
[INFO] [stderr] To learn more, run the command again with --verbose.
[INFO] [stderr] warning: build failed, waiting for other jobs to finish...
[INFO] [stdout] error[E0277]: the trait bound `U: Simd` is not satisfied
[INFO] [stdout]    --> /opt/rustwide/cargo-home/registry/src/github.com-1ecc6299db9ec823/simd-0.1.1/src/lib.rs:195:19
[INFO] [stdout]     |
[INFO] [stdout] 68  | pub unsafe trait Simd {
[INFO] [stdout]     |                  ---- required by a bound in this
[INFO] [stdout] 69  |     /// The corresponding boolean vector type.
[INFO] [stdout] 70  |     type Bool: Simd;
[INFO] [stdout]     |                ---- required by this bound in `Simd`
[INFO] [stdout] ...
[INFO] [stdout] 195 |     fn simd_eq<T: Simd<Bool = U>, U>(x: T, y: T) -> U;
[INFO] [stdout]     |                   ^^^^^^^^^^^^^^ the trait `Simd` is not implemented for `U`
[INFO] [stdout] 
[INFO] [stdout] 
[INFO] [stdout] error[E0277]: the trait bound `U: Simd` is not satisfied
[INFO] [stdout]    --> /opt/rustwide/cargo-home/registry/src/github.com-1ecc6299db9ec823/simd-0.1.1/src/lib.rs:196:19
[INFO] [stdout]     |
[INFO] [stdout] 68  | pub unsafe trait Simd {
[INFO] [stdout]     |                  ---- required by a bound in this
[INFO] [stdout] 69  |     /// The corresponding boolean vector type.
[INFO] [stdout] 70  |     type Bool: Simd;
[INFO] [stdout]     |                ---- required by this bound in `Simd`
[INFO] [stdout] ...
[INFO] [stdout] 196 |     fn simd_ne<T: Simd<Bool = U>, U>(x: T, y: T) -> U;
[INFO] [stdout]     |                   ^^^^^^^^^^^^^^ the trait `Simd` is not implemented for `U`
[INFO] [stdout] 
[INFO] [stdout] 
[INFO] [stdout] error[E0277]: the trait bound `U: Simd` is not satisfied
[INFO] [stdout]    --> /opt/rustwide/cargo-home/registry/src/github.com-1ecc6299db9ec823/simd-0.1.1/src/lib.rs:197:19
[INFO] [stdout]     |
[INFO] [stdout] 68  | pub unsafe trait Simd {
[INFO] [stdout]     |                  ---- required by a bound in this
[INFO] [stdout] 69  |     /// The corresponding boolean vector type.
[INFO] [stdout] 70  |     type Bool: Simd;
[INFO] [stdout]     |                ---- required by this bound in `Simd`
[INFO] [stdout] ...
[INFO] [stdout] 197 |     fn simd_lt<T: Simd<Bool = U>, U>(x: T, y: T) -> U;
[INFO] [stdout]     |                   ^^^^^^^^^^^^^^ the trait `Simd` is not implemented for `U`
[INFO] [stdout] 
[INFO] [stdout] 
[INFO] [stdout] error[E0277]: the trait bound `U: Simd` is not satisfied
[INFO] [stdout]    --> /opt/rustwide/cargo-home/registry/src/github.com-1ecc6299db9ec823/simd-0.1.1/src/lib.rs:198:19
[INFO] [stdout]     |
[INFO] [stdout] 68  | pub unsafe trait Simd {
[INFO] [stdout]     |                  ---- required by a bound in this
[INFO] [stdout] 69  |     /// The corresponding boolean vector type.
[INFO] [stdout] 70  |     type Bool: Simd;
[INFO] [stdout]     |                ---- required by this bound in `Simd`
[INFO] [stdout] ...
[INFO] [stdout] 198 |     fn simd_le<T: Simd<Bool = U>, U>(x: T, y: T) -> U;
[INFO] [stdout]     |                   ^^^^^^^^^^^^^^ the trait `Simd` is not implemented for `U`
[INFO] [stdout] 
[INFO] [stdout] 
[INFO] [stdout] error[E0277]: the trait bound `U: Simd` is not satisfied
[INFO] [stdout]    --> /opt/rustwide/cargo-home/registry/src/github.com-1ecc6299db9ec823/simd-0.1.1/src/lib.rs:199:19
[INFO] [stdout]     |
[INFO] [stdout] 68  | pub unsafe trait Simd {
[INFO] [stdout]     |                  ---- required by a bound in this
[INFO] [stdout] 69  |     /// The corresponding boolean vector type.
[INFO] [stdout] 70  |     type Bool: Simd;
[INFO] [stdout]     |                ---- required by this bound in `Simd`
[INFO] [stdout] ...
[INFO] [stdout] 199 |     fn simd_gt<T: Simd<Bool = U>, U>(x: T, y: T) -> U;
[INFO] [stdout]     |                   ^^^^^^^^^^^^^^ the trait `Simd` is not implemented for `U`
[INFO] [stdout] 
[INFO] [stdout] 
[INFO] [stdout] error[E0277]: the trait bound `U: Simd` is not satisfied
[INFO] [stdout]    --> /opt/rustwide/cargo-home/registry/src/github.com-1ecc6299db9ec823/simd-0.1.1/src/lib.rs:200:19
[INFO] [stdout]     |
[INFO] [stdout] 68  | pub unsafe trait Simd {
[INFO] [stdout]     |                  ---- required by a bound in this
[INFO] [stdout] 69  |     /// The corresponding boolean vector type.
[INFO] [stdout] 70  |     type Bool: Simd;
[INFO] [stdout]     |                ---- required by this bound in `Simd`
[INFO] [stdout] ...
[INFO] [stdout] 200 |     fn simd_ge<T: Simd<Bool = U>, U>(x: T, y: T) -> U;
[INFO] [stdout]     |                   ^^^^^^^^^^^^^^ the trait `Simd` is not implemented for `U`
[INFO] [stdout] 
[INFO] [stdout] 
[INFO] [stdout] error: aborting due to 6 previous errors
[INFO] [stdout] 
[INFO] [stdout] 
[INFO] [stdout] For more information about this error, try `rustc --explain E0277`.
[INFO] [stdout] 
[INFO] [stderr] error: build failed
[INFO] running `Command { std: "docker" "inspect" "93097a6fc3b0abc6c28fe30938dcc7278fe28815e7c6d12dc94f27dc21d00d82", kill_on_drop: false }`
[INFO] running `Command { std: "docker" "rm" "-f" "93097a6fc3b0abc6c28fe30938dcc7278fe28815e7c6d12dc94f27dc21d00d82", kill_on_drop: false }`
[INFO] [stdout] 93097a6fc3b0abc6c28fe30938dcc7278fe28815e7c6d12dc94f27dc21d00d82
